{"id":104,"date":"2023-04-03T23:19:25","date_gmt":"2023-04-03T21:19:25","guid":{"rendered":"https:\/\/montephoto.com\/?post_type=product&#038;p=104"},"modified":"2023-04-03T23:20:26","modified_gmt":"2023-04-03T21:20:26","slug":"mdf-drzac-za-kljuceve","status":"publish","type":"product","link":"https:\/\/montephoto.com\/index.php\/proizvod\/mdf-drzac-za-kljuceve\/","title":{"rendered":"MDF dr\u017ea\u010d za klju\u010deve"},"content":{"rendered":"<p>sa zaobljenim ivicama<\/p>\n","protected":false},"excerpt":{"rendered":"<p>sa zaobljenim ivicama<\/p>\n","protected":false},"featured_media":105,"comment_status":"closed","ping_status":"closed","template":"","meta":{"_seopress_robots_primary_cat":"","_seopress_titles_title":"","_seopress_titles_desc":"","_seopress_robots_index":""},"product_brand":[],"product_cat":[29],"product_tag":[],"class_list":{"0":"post-104","1":"product","2":"type-product","3":"status-publish","4":"has-post-thumbnail","6":"product_cat-mdf-paneli","8":"first","9":"instock","10":"shipping-taxable","11":"product-type-simple"},"acf":[],"_links":{"self":[{"href":"https:\/\/montephoto.com\/index.php\/wp-json\/wp\/v2\/product\/104","targetHints":{"allow":["GET"]}}],"collection":[{"href":"https:\/\/montephoto.com\/index.php\/wp-json\/wp\/v2\/product"}],"about":[{"href":"https:\/\/montephoto.com\/index.php\/wp-json\/wp\/v2\/types\/product"}],"replies":[{"embeddable":true,"href":"https:\/\/montephoto.com\/index.php\/wp-json\/wp\/v2\/comments?post=104"}],"wp:featuredmedia":[{"embeddable":true,"href":"https:\/\/montephoto.com\/index.php\/wp-json\/wp\/v2\/media\/105"}],"wp:attachment":[{"href":"https:\/\/montephoto.com\/index.php\/wp-json\/wp\/v2\/media?parent=104"}],"wp:term":[{"taxonomy":"product_brand","embeddable":true,"href":"https:\/\/montephoto.com\/index.php\/wp-json\/wp\/v2\/product_brand?post=104"},{"taxonomy":"product_cat","embeddable":true,"href":"https:\/\/montephoto.com\/index.php\/wp-json\/wp\/v2\/product_cat?post=104"},{"taxonomy":"product_tag","embeddable":true,"href":"https:\/\/montephoto.com\/index.php\/wp-json\/wp\/v2\/product_tag?post=104"}],"curies":[{"name":"wp","href":"https:\/\/api.w.org\/{rel}","templated":true}]}}